e hundred thousands digit of 7298906?
2
What is the tens digit of 20697835?
3
What is the thousands digit of 447767?
7
What is the units digit of 394438?
8
What is the hundred thousands digit of 1010347?
0
What is the units digit of 1370252?
2
What is the thousands digit of 10855813?
5
What is the ten thousands digit of 218536?
1
What is the hundreds digit of 710170?
1
What is the millions digit of 1830282?
1
What is the hundred thousands digit of 8032662?
0
What is the millions digit of 1717132?
1
What is the millions digit of 1368472?
1
What is the millions digit of 41299920?
1
What is the hundreds digit of 4128099?
0
What is the units digit of 724850?
0
What is the thousands digit of 663352?
3
What is the tens digit of 22323?
2
What is the hundred thousands digit of 8550259?
5
What is the units digit of 69425?
5
What is the tens digit of 8210096?
9
What is the ten thousands digit of 262890?
6
What is the thousands digit of 92205?
2
What is the tens digit of 1970208?
0
What is the ten thousands digit of 2925605?
2
What is the hundred thousands digit of 2327642?
3
What is the thousands digit of 1970312?
0
What is the units digit of 2906152?
2
What is the hundreds digit of 119034?
0
What is the tens digit of 1240151?
5
What is the ten thousands digit of 1217346?
1
What is the hundreds digit of 950554?
5
What is the hundred thousands digit of 121119?
1
What is the hundreds digit of 658902?
9
What is the hundred thousands digit of 4452715?
4
What is the hundreds digit of 240460?
4
What is the ten thousands digit of 280017?
8
What is the units digit of 82683?
3
What is the units digit of 1098466?
6
What is the hundred thousands digit of 1755623?
7
What is the thousands digit of 157238?
7
What is the thousands digit of 15723101?
3
What is the millions digit of 8015178?
8
What is the ten thousands digit of 35648148?
4
What is the hundreds digit of 491174?
1
What is the hundred thousands digit of 7778028?
7
What is the hundreds digit of 131107?
1
What is the ten thousands digit of 2652668?
5
What is the hundreds digit of 412480?
4
What is the hundred thousands digit of 13205901?
2
What is the tens digit of 100352?
5
What is the ten thousands digit of 431210?
3
What is the hundreds digit of 3751939?
9
What is the units digit of 134070?
0
What is the hundreds digit of 5473?
4
What is the thousands digit of 122209?
2
What is the hundreds digit of 297323?
3
What is the units digit of 8076205?
5
What is the hundreds digit of 996572?
5
What is the hundred thousands digit of 5830087?
8
What is the hundred thousands digit of 829723?
8
What is the tens digit of 309442?
4
What is the tens digit of 1880258?
5
What is the ten thousands digit of 135193?
3
What is the units digit of 601649?
9
What is the hundred thousands digit of 6967677?
9
What is the hundreds digit of 175542?
5
What is the thousands digit of 296057?
6
What is the millions digit of 7767189?
7
What is the ten thousands digit of 42889?
4
What is the hundred thousands digit of 856948?
8
What is the ten thousands digit of 3270185?
7
What is the hundreds digit of 1286258?
2
What is the hundreds digit of 5283429?
4
What is the thousands digit of 2268669?
8
What is the hundreds digit of 4700?
7
What is the ten thousands digit of 19424472?
2
What is the tens digit of 278646?
4
What is the tens digit of 329514?
1
What is the tens digit of 50682?
8
What is the tens digit of 65469?
6
What is the tens digit of 6257525?
2
What is the tens digit of 1696130?
3
What is the tens digit of 378258?
5
What is the thousands digit of 2135682?
5
What is the units digit of 29792?
2
What is the ten millions digit of 44704609?
4
What is the tens digit of 159414?
1
What is the tens digit of 2440177?
7
What is the ten thousands digit of 513069?
1
What is the hundreds digit of 1046701?
7
What is the hundreds digit of 3164076?
0
What is the thousands digit of 3965609?
5
What is the ten thousands digit of 423931?
2
What is the millions digit of 3224845?
3
What is the ten thousands digit of 10733276?
3
What is the hundred thousands digit of 1580785?
5
What is the tens digit of 2090750?
5
What is the hundred thousands digit of 7609839?
6
What is the ten thousands digit of 4086742?
8
What is the hundreds digit of 40235271?
2
What is the tens digit of 20689176?
7
What is the tens digit of 239175?
7
What is the hundreds digit of 4799884?
8
What is the hundreds digit of 137039?
0
What is the units digit of 475645?
5
What is the units digit of 10733226?
6
What is the hundred thousands digit of 3010900?
0
What is the units digit of 323460?
0
What is the hundred thousands digit of 2594301?
5
What is the hundred thousands digit of 4787562?
7
What is the tens digit of 84880?
8
What is the millions digit of 3570424?
3
What is the tens digit of 4951516?
1
What is the hundred thousands digit of 5559242?
5
What is the thousands digit of 1010983?
0
What is the thousands digit of 1534387?
4
What is the ten millions digit of 17602365?
1
What is the thousands digit of 1542692?
2
What is the thousands digit of 586003?
6
What is the ten thousands digit of 4370129?
7
What is the millions digit of 1280011?
1
What is the millions digit of 3422083?
3
What is the ten thousands digit of 109981?
0
What is the hundred thousands digit of 1890735?
8
What is the units digit of 890472?
2
What is the millions digit of 1484206?
1
What is the hundreds digit of 152925?
9
What is the thousands digit of 7468023?
8
What is the units digit of 2641746?
6
What is the hundred thousands digit of 1280302?
2
What is the millions digit of 15420237?
5
What is the tens digit of 7284488?
8
What is the hundred thousands digit of 1783469?
7
What is the hundred thousands digit of 462791?
4
What is the hundreds digit of 2620053?
0
What is the units digit of 2109629?
9
What is the tens digit of 7264355?
5
What is the units digit of 4356?
6
What is the ten thousands digit of 1049434?
4
What is the units digit of 714461?
1
What is the tens digit of 2333123?
2
What is the units digit of 8271586?
6
What is the tens digit of 7100740?
4
What is the tens digit of 24598002?
0
What is the ten thousands digit of 204248?
0
What is the hundreds digit of 6851881?
8
What is the hundred thousands digit of 1157238?
1
What is the ten thousands digit of 268344?
6
What is the millions digit of 17400860?
7
What is the tens digit of 201511?
1
What is the ten thousands digit of 126838?
2
What is the ten thousands digit of 120623?
2
What is the units digit of 730157?
7
What is the units digit of 403437?
7
What is the millions digit of 6003587?
6
What is the tens digit of 1051681?
8
What is the tens digit of 1247188?
8
What is the hundred thousands digit of 218829?
2
What is the hundred thousands digit of 15975139?
9
What is the hundreds digit of 534836?
8
What is the millions digit of 10262388?
0
What is the ten thousands digit of 725788?
2
What is the millions digit of 3791461?
3
What is the millions digit of 1016080?
1
What is the tens digit of 18240222?
2
What is the thousands digit of 19465925?
5
What is the thousands digit of 364677?
4
What is the tens digit of 73788?
8
What is the units digit of 4354217?
7
What is the hundred thousands digit of 5148381?
1
What is the thousands digit of 853340?
3
What is the tens digit of 1520282?
8
What is the hundreds digit of 211008?
0
What is the tens digit of 801193?
9
What is the ten millions digit of 22204644?
2
What is the hundred thousands digit of 741225?
7
What is the thousands digit of 957795?
7
What is the hundred thousands digit of 3627335?
6
What is the tens digit of 786378?
7
What is the units digit of 991537?
7
What is the ten thousands digit of 75181?
7
What is the units digit of 953814?
4
What is the hundred thousands digit of 375376?
3
What is the units digit of 1180266?
6
What is the thousands digit of 10055037?
5
What is the units digit of 777420?
0
What is the thousands digit of 264327?
4
What is the tens digit of 683686?
8
What is the tens digit of 209964?
6
What is the tens digit of 1606720?
2
What is the hundreds digit of 66349?
3
What is the millions digit of 16995025?
6
What is the hundreds digit of 6309?
3
What is the ten thousands digit of 3425500?
2
What is the units digit of 10794593?
3
What is the units digit of 545182?
2
What 